{"id":17202,"date":"2019-02-19T15:41:25","date_gmt":"2019-02-19T21:41:25","guid":{"rendered":"https:\/\/castillo.cr\/contenido\/?page_id=17202"},"modified":"2025-09-22T13:27:37","modified_gmt":"2025-09-22T19:27:37","slug":"administracion","status":"publish","type":"page","link":"https:\/\/castillo.cr\/contenido\/administracion\/","title":{"rendered":"Administraci\u00f3n y Auditoria Interna"},"content":{"rendered":"<p class=\"indiSubtitle\" style=\"text-align: justify;\">Gerencia General y Jefaturas<\/p>\n<p class=\"indiSubtitle\" style=\"text-align: justify;\">\n<table style=\"height: 344px;\" border=\"0\" width=\"563\">\n<tbody>\n<tr>\n<td>Gerente General<\/td>\n<td>Jendry Madrigal V\u00e1squez<\/td>\n<\/tr>\n<tr>\n<td>Jefatura Financiero- Administrativa<\/td>\n<td>Juli\u00e1n Trejos Calder\u00f3n<\/td>\n<\/tr>\n<tr>\n<td>Jefatura de Deportes, Recreaci\u00f3n y Salud<\/td>\n<td>Gustavo Porras Montero<\/td>\n<\/tr>\n<tr>\n<td>Jefatura de Tecnolog\u00edas de Informaci\u00f3n<\/td>\n<td>Fernando Vega Rodr\u00edguez<\/td>\n<\/tr>\n<tr>\n<td>Jefatura de Operaciones<\/td>\n<td>Maximiliano Rodr\u00edguez Soto<\/td>\n<\/tr>\n<tr>\n<td>\u00a0Jefatura de Talento Humano<\/td>\n<td>Zeidy Ugalde Ram\u00edrez<\/td>\n<\/tr>\n<tr>\n<td>\u00a0Jefatura de Alimentos y Bebidas<\/td>\n<td>Luis Castillo G\u00f3mez<\/td>\n<\/tr>\n<tr>\n<td>\u00a0Jefatura de Atenci\u00f3n al socio<\/td>\n<td>Mar\u00eda Luis D\u00edaz Morales<\/td>\n<\/tr>\n<tr>\n<td colspan=\"2\"><\/td>\n<\/tr>\n<\/tbody>\n<\/table>\n<p>&nbsp;<\/p>\n<p class=\"indiSubtitle\" style=\"text-align: justify;\">Auditor\u00eda Interna<\/p>\n<table border=\"0\">\n<tbody>\n<tr>\n<td width=\"88\">Auditor<\/td>\n<td width=\"159\">\u00a0\u00a0Karla Rojas Rojas<\/td>\n<\/tr>\n<tr>\n<td><\/td>\n<td><\/td>\n<\/tr>\n<\/tbody>\n<\/table>\n","protected":false},"excerpt":{"rendered":"<p>Gerencia General y Jefaturas Gerente General Jendry Madrigal V\u00e1squez Jefatura Financiero- Administrativa Juli\u00e1n Trejos Calder\u00f3n Jefatura de Deportes, Recreaci\u00f3n y Salud Gustavo Porras Montero Jefatura de Tecnolog\u00edas de Informaci\u00f3n Fernando Vega Rodr\u00edguez Jefatura de Operaciones Maximiliano Rodr\u00edguez Soto \u00a0Jefatura de Talento Humano Zeidy Ugalde Ram\u00edrez \u00a0Jefatura de Alimentos y Bebidas Luis Castillo G\u00f3mez \u00a0Jefatura de &hellip; <a href=\"https:\/\/castillo.cr\/contenido\/administracion\/\" class=\"more-link\">Seguir leyendo <span class=\"screen-reader-text\">Administraci\u00f3n y Auditoria Interna<\/span> <span class=\"meta-nav\">&rarr;<\/span><\/a><\/p>\n","protected":false},"author":1,"featured_media":0,"parent":0,"menu_order":0,"comment_status":"closed","ping_status":"closed","template":"","meta":{"_acf_changed":false,"footnotes":""},"class_list":["post-17202","page","type-page","status-publish","hentry"],"acf":[],"aioseo_notices":[],"_links":{"self":[{"href":"https:\/\/castillo.cr\/contenido\/wp-json\/wp\/v2\/pages\/17202","targetHints":{"allow":["GET"]}}],"collection":[{"href":"https:\/\/castillo.cr\/contenido\/wp-json\/wp\/v2\/pages"}],"about":[{"href":"https:\/\/castillo.cr\/contenido\/wp-json\/wp\/v2\/types\/page"}],"author":[{"embeddable":true,"href":"https:\/\/castillo.cr\/contenido\/wp-json\/wp\/v2\/users\/1"}],"replies":[{"embeddable":true,"href":"https:\/\/castillo.cr\/contenido\/wp-json\/wp\/v2\/comments?post=17202"}],"version-history":[{"count":38,"href":"https:\/\/castillo.cr\/contenido\/wp-json\/wp\/v2\/pages\/17202\/revisions"}],"predecessor-version":[{"id":24224,"href":"https:\/\/castillo.cr\/contenido\/wp-json\/wp\/v2\/pages\/17202\/revisions\/24224"}],"wp:attachment":[{"href":"https:\/\/castillo.cr\/contenido\/wp-json\/wp\/v2\/media?parent=17202"}],"curies":[{"name":"wp","href":"https:\/\/api.w.org\/{rel}","templated":true}]}}